w be m(-26). Let o(f) = 58*f - 245. Is o(w) composite?
True
Let o be (-2)/8 + (-10)/(-8) + 3. Suppose 0 = -g - o, -2455 = -5*n + 5*g + 730. Is n + 0/(2 + -2 + 1) a composite number?
True
Let l = 63946 + -45176. Let g be 36/30*l/3. Suppose -432 = -4*o + g. Is o prime?
False
Let p(w) = -w**3 + 4*w**2 - 3*w - 2. Let v = 67 - 65. Let m be p(v). Suppose m = -z - 5*l + 352, -3*z + 0*l = 5*l - 1026. Is z composite?
False
Let n(c) = 212*c - 4. Let g be n(-2). Let p = -603 - -386. Let r = p - g. Is r a composite number?
False
Let f(i) = 84*i**3 - 6*i**2 + 8*i - 21. Suppose 1 + 9 = 2*q. Is f(q) prime?
True
Suppose -6151 = -3*g + 7490. Suppose -2*o - 175 = -g. Is o a prime number?
False
Suppose 7*z = 22*z - 17*z. Suppose z = -k - 2*k + k. Suppose k = -2*a - 4*s + 7874, -6*s + 4 = -2*s. Is a prime?
False
Let o be 1368/14 + 4 + (-130)/35. Let p = o - 91. Is 1/7 - (-3394)/p composite?
True
Let w(u) be the second derivative of 709*u**4/12 - u**3/3 + u**2 - 20*u. Let n be w(2). Suppose 2*l = 9108 + n. Is l prime?
False
Let q = -1434 + 6199. Suppose -q = 24*a - 19*a. Let f = a + 1896. Is f a prime number?
False
Let a(z) = 946*z**3 - z**2 - 3*z + 4. Let n(b) = b + 3. Let w be n(-1). Let i be a(w). Suppose 0 = -2*d + 2*c - 0*c + 3784, 0 = 4*d - 2*c - i. Is d prime?
True
Let w be (8/16)/(2 + 15/(-8)). Suppose 6624 = w*j - 2324. Is j prime?
True
Let o be 1*(-4 - (3 + 4)). Let f(x) = -5*x - 43. Let y be f(o). Suppose -8*j + 181 = h - y*j, 4*h = j + 739. Is h a composite number?
True
Let a = 5932 - 1352. Suppose 2*w + 21*w - 1840 = 0. Suppose -4*x + a = -w. Is x composite?
True
Let r(a) = -15*a**3 - 4*a**2 + 5*a + 1. Suppose 5*y - 11 = -4*c, c - 2*y = -0 + 6. Let t be 4*c/(-12)*3. Is r(t) a prime number?
True
Let f = 33608 + -11107. Is f prime?
True
Suppose 38 = 6*s - 10. Let l(h) = 49*h**3 + 14*h**2 - 83*h + 19. Is l(s) a composite number?
False
Let z(r) be the second derivative of r**5/20 - r**4/12 - 7*r**3/3 + 21*r**2/2 - 146*r. Is z(13) a prime number?
True
Suppose -t + 57*n - 53*n = -527053, 3*t + 4*n = 1581159. Is t composite?
False
Let c(r) = -74354*r + 2297. Is c(-6) composite?
False
Let y be 4/(-5) + (-10630)/25. Let h = -932 - -1705. Let f = h + y. Is f composite?
False
Suppose -9117805 - 1293098 = -86*r - 1910405. Is r composite?
True
Let u(b) = 24*b - 116. Let l be u(5). Suppose v + j - 6570 = -20, 0 = v - l*j - 6535. Is v a composite number?
False
Suppose -601635 = 71*n - 76*n + 5*l, -5*l = 40. Is n a composite number?
False
Suppose -4*w = 5*q - 68721, 26*w + 2*q = 29*w - 51535. Is w a composite number?
True
Let p = 1080 + 1397. Is p prime?
True
Let g be 4 + (37330 + -6)/4. Suppose -5*m + g + 10200 = 0. Is m prime?
True
Let b = -36972 - -68339. Is b a prime number?
False
Let p(t) = -16 - 70 + 9*t + 46. Let a be p(5). Suppose -a*s = -2*s + 5*c - 904, c - 1177 = -4*s. Is s composite?
False
Suppose -3*u + 2*t = t + 127, 5*u + 4*t + 189 = 0. Let b = -40 - u. Is 2*(b + 39/(-30))*-395 composite?
True
Suppose q = -2*z + 162767, 12*z = 5*q + 11*z - 813835. Is q a prime number?
False
Let g(s) be the third derivative of 7*s**5/60 - 5*s**4/24 - 13*s**3/3 + 9*s**2 - 1. Let o be (-6)/33 + 97/(-11). Is g(o) a composite number?
True
Let f(l) = 9*l**2 + 11*l - 32. Let u(o) = 2*o**2 - 10 + 21*o + 10*o - 31*o. Let z be u(0). Is f(z) a prime number?
False
Let g(o) = -o**3 - 12*o**2 - 22*o + 76. Let y be g(-8). Let d(k) be the third derivative of -25*k**4/2 - 7*k**3/6 - k**2. Is d(y) a composite number?
False
Let g = -798260 - -1383151. Is g a prime number?
False
Let o(h) = -5*h - 14. Let c be o(-3). Is 27280/10 + (2 - c) a prime number?
True
Is (-40729896)/(-504) - (9/7 - 1) prime?
False
Let o be 14/(5 + -10 - -7). Suppose 0*i = -o*i + 17521. Is i a prime number?
True
Let t(p) = 5*p**3 - 4*p**2 - 9*p + 17. Let n(i) = 6*i**3 - 4*i**2 - 10*i + 16. Let b(h) = 6*n(h) - 7*t(h). Let j be b(8). Is (-2)/(-8)*4*j prime?
True
Let c(v) = -3*v**3 - 3*v - 5. Let j be c(0). Let r(t) = -153*t**3 - 3*t**2 + 16*t + 3. Is r(j) a prime number?
True
Let i = -84 - -89. Suppose 3*f = -4*l - 0*l + 2645, 0 = -4*l + i*f + 2621. Suppose n = -2*s + l, 3360 = 5*n - 4*s + s. Is n a composite number?
True
Let t(l) be the third derivative of -l**4/6 + 3*l**3 - 6*l**2. Let q be t(6). Is (3 + -2)/(q/(-498)) prime?
True
Let l(g) = 4685*g**3 - 87*g**2 + 13*g - 1. Is l(4) composite?
True
Suppose -3*h + 2296 = -7*i + 5*i, -5*h + 5*i + 3835 = 0. Let u = -505 + h. Is u composite?
False
Is 97787 + (-5)/((-5)/(-4)) + (-480)/(-48) a prime number?
False
Suppose 23138 = 2*y - f, -8 = -3*f - 20. Let n = 24894 - y. Is n a prime number?
True
Let o(s) = 677*s**3 + s**2 - s. Suppose 0 = 5*z - 4*f - 9, 2 = z + 2*z + f. Let q be o(z). Suppose -5*i = 4*p - q, i - 474 = -3*p + 4*i. Is p a prime number?
True
Let w(t) = -673*t**2 + 2*t - 2. Suppose -5*b = 3*g - 21, g + 5*b - 4*b = 5. Let u be w(g). Let o = -1345 - u. Is o composite?
True
Is (2 + (-30)/12)*3*(-259876)/6 composite?
False
Is (-18)/(-33) - ((-66291600)/(-220))/(-12) a prime number?
True
Let n(o) = 41689*o**3 - 4*o**2 + 4*o - 2. Let t be n(1). Suppose -17*r - t = -22*r + 4*d, -3*d = -6. Is r prime?
False
Let j = 28731 - -7066. Is j a prime number?
True
Suppose 128*j - 61436550 = 88726010. Is j a composite number?
True
Let h be 1/1*-6 + -61 + -4204. Is (0 - 2)/2*h/1 composite?
False
Let h(u) = u**3 + 145*u**2 - 52*u - 29. Is h(-81) a prime number?
False
Suppose 4*l - 2097953 = 5*q, 1007*l - 1009*l - 4*q = -1049022. Is l a composite number?
False
Let g(v) = -8 - 4*v**2 + 3*v + v**2 - 9 - 3*v**3. Let c be (-13 + (-1071)/(-85))/(1/15). Is g(c) composite?
True
Is 4 + 19616 - (-17 - -6) a composite number?
True
Suppose 0 = 266*z - 4782691 - 13176033. Is z a composite number?
True
Let x = 21156 - 14387. Is x prime?
False
Suppose -3*t + 2547 = 663. Suppose -2*c + 4*u + 610 = 0, 0*c - t = -2*c - 2*u. Suppose -1999 = -8*k - c. Is k prime?
True
Let q = -9370 - -13916. Let b = q - 749. Suppose 3*a + 1130 = b. Is a a prime number?
False
Suppose 3*y + 6 + 7 = b, 2*y - 122 = -4*b. Let t be (13 + -3)*(2 - b/20). Suppose 2*a + 1192 = t*a. Is a composite?
True
Let b(k) = 15*k - 7. Let u(l) = 44*l - 20. Let d(r) = -8*b(r) + 3*u(r). Let z be d(2). Suppose -z*j + 22*j = 1174. Is j a composite number?
False
Suppose 90 - 510 = -10*b. Suppose 5*c - b - 8 = 0. Suppose 1481 = -9*q + c*q. Is q prime?
True
Let h = -106196 - -177699. Is h composite?
False
Let a = 1398577 - 962826. Is a a composite number?
False
Suppose 0 = -2*o + 509 + 475. Suppose 8*y = -o - 180. Let b = -49 - y. Is b a composite number?
True
Let y(i) = -16*i + 59. Let s be y(4). Let p(r) = 10*r**2 + 14*r + 111. Is p(s) a prime number?
False
Suppose 0 = 46*y + 37*y - 101*y + 122490. Is y a prime number?
False
Let a = 3 - 3. Suppose a = -q + 3*s - 2 + 9, -s = 1. Suppose 5*z = 4*b - 8139, -9841 - 302 = -5*b - q*z. Is b composite?
True
Let j(w) be the first derivative of 29*w**3/3 + 31*w**2/2 + 9*w - 63. Is j(-7) a composite number?
False
Is (-1369323)/(-6)*4/3*3/6 composite?
False
Let d(f) = -43084*f - 6021. Is d(-7) prime?
True
Suppose 2656 + 178057 = 13*j. Is j prime?
True
Let z(h) = 310613*h - 916. Is z(1) a composite number?
True
Suppose -f - 3*o - 9 = -8, -5*o - 15 = -5*f. Suppose 1947 = 3*c - 5*z, -f*c = -0*z - 5*z - 1298. Is c a composite number?
True
Let k(i) = -i**3 + 2*i**2 + 3*i + 1. Let s be k(-1). Let u(g) = 5*g**2 - 2. Let z be u(s). Suppose -3918 = z*h - 9*h. Is h a composite number?
False
Let a = -4810 + 17853. Is a a composite number?
False
Suppose -5*o + 26597 = 4*n - 31164, o + 3*n - 11561 = 0. Is o a prime number?
True
Let s = 377 - 387. Is (-2)/((-4)/s) + 2534 + -12 prime?
False
Suppose 0 = 16*p + 37 - 101. Suppose 4*n + j - 10301 = -1190, -5*n + 11415 = -p*j. Is n a composite number?
True
Suppose b + 454916 = 2*j, 3*j + 16*b = 14*b + 682353. Is j a composite number?
True
Suppose -4 = -d + 4. Suppose q - 1 = d. Suppose -5271 = q*z - 12*z. Is z prime?
False
Let l = -99 + 101. Suppose -3*p + 5776 = 5*i, 3034 = 4*p - l*i - 4650. Suppose p = 3*j - 6277. Is j composite?
True
Let b(q) = -4403*q - 264. Is b(-17) a prime number?
True
Suppose h - 14 = -4*m - 0*h, -24 = -4*m + 4*h. Let y be (-8 - m)*-1*(-2)/4. Is (361/114)/((-1)/y) a prime number?
True
Let n be (-2)/(-6) - 9/((-189)/72128). Let y = n - 1656. Is